3/3 + 41*d + 78. What is the tens digit of m(-32)?
4
Suppose -6*v + 100 + 26 = 0. Let p = v - 16. Suppose 130 = -4*y + 8*y + p*c, -5*c = 10. What is the units digit of y?
5
What is the hundreds digit of (-57)/38*(-185580)/27?
3
Let u = 143 - 21. Let z(r) = r**3 - 9*r**2 - 11*r + 13. Let i be z(10). Suppose 0 = 4*w - i*h - 216, -w - u = -3*w - 2*h. What is the tens digit of w?
5
Suppose 14*d = 86*d - 35201 - 939895. What is the units digit of d?
3
Let a(t) = 22*t**2 - 10*t - 1294. What is the units digit of a(-52)?
4
Let l = 45 - 34. Suppose 13*h - l*h = -2*i + 1058, -2*h - 5*i = -1067. What is the tens digit of h?
2
Let n = 306 - -36. Let a = -145 + n. What is the hundreds digit of a?
1
Let b(x) = 7*x**3 + 13*x**2 - 39*x + 1. Let s be ((-6)/(-4))/((-114)/(-380)). What is the hundreds digit of b(s)?
0
Let g(z) = 154*z - 139. Let m be g(-16). Let u = m - -3827. What is the tens digit of u?
2
Suppose 20 = -0*k + 5*k. Suppose 5*n = -k*n - 9. What is the units digit of ((-3)/(-3))/(n/(-25))?
5
Let b be ((-2)/(-6))/((-21)/(-97965)). Suppose 5839 = 4*n + b. What is the hundreds digit of n?
0
Suppose -3163 = 9*t - 12415. Let c = t + 46. What is the units digit of c?
4
Suppose -212533 = -17*v + 248048. What is the ten thousands digit of v?
2
Suppose -5129 = -100*k + 99*k + 7132. What is the units digit of k?
1
Suppose 0 = 34*y - 20*y + 182. Let d(b) = b**3 + 12*b**2 - 22*b - 51. What is the units digit of d(y)?
6
Let c be (-5 - (-24)/(-6)) + 14. Suppose -2*x - 10 = -6, w - 605 = -c*x. What is the tens digit of w?
1
Suppose 0 = -s - 3*t + 3497, -14*t - 10519 = -3*s - 9*t. What is the thousands digit of s?
3
Let c(a) = a**3 + 40*a**2 - 158*a - 173. What is the units digit of c(-40)?
7
Suppose -37*r + 505245 = -19*r + 21*r. What is the hundreds digit of r?
9
Let n be (-420 + 5)*(0 - 1). Let m = -209 + n. What is the units digit of m?
6
Let d = 1120 - -1870. What is the hundreds digit of d?
9
Suppose -289455 = -54*f - 15*f. What is the hundreds digit of f?
1
Suppose 5*g + 8*q = 3*q + 19835, -g + 3968 = 2*q. What is the hundreds digit of g?
9
Suppose -183*k + 186*k - 2403 = 0. Let n = -649 + k. What is the hundreds digit of n?
1
Let f = 3933 - 7337. Let n = f - -4979. What is the thousands digit of n?
1
Suppose 55*f - 816847 = 573828. What is the tens digit of f?
8
Let u be 204/52 + (-8)/(-104). Let b(r) = -73*r - 40. Let q(i) = -36*i - 20. Let f(z) = -3*b(z) + 5*q(z). What is the tens digit of f(u)?
7
Let z(f) = 1543*f**2 - 8*f + 7. Let j(i) = 3*i - 26. Let x be j(9). What is the thousands digit of z(x)?
1
Let s = 222 + -339. Let c = s - -257. Suppose 4*m = n - c, n - 2*m - 142 = -0*m. What is the hundreds digit of n?
1
What is the units digit of (-2)/((-2)/2)*(2729 - (-9)/9)?
0
Suppose 4 = 2*q + 5*i + 3, 3*q + 3*i - 15 = 0. Let g = q - 180. Let s = -58 - g. What is the tens digit of s?
1
Let f(o) be the second derivative of -7/2*o**2 - 1/10*o**5 + 5/3*o**3 - 3*o + 0 + 3/4*o**4. What is the tens digit of f(5)?
1
Let a(h) = 30*h**2 + 7*h - 19. Let v be a(7). Suppose -3*r = -7*r + v. What is the units digit of r?
5
Suppose 4*z - 8*z - 40 = -5*p, -z - 13 = -2*p. Suppose 2*f = p*j + 4*f + 1402, f + 5 = 0. What is the tens digit of (j/(-20))/(1/5)?
8
Let d(s) be the second derivative of 3*s**4/2 - s**3/2 - 5*s**2 + 5*s. Let u be d(6). Suppose 5*x - u = -b, 5*b + 248 = 2*x + b. What is the units digit of x?
4
Suppose -20 = -9*w + 4*w. Let l be 75*(-80)/15*21/(-5). What is the tens digit of ((6/w)/3)/(12/l)?
7
Suppose -39 = 2*l + 3*k, -l - 4*k = 18 + 9. Let g(x) = -x**3 - 5*x**2 + 3*x + 5. Let o be g(-5). What is the tens digit of (-135)/(-6) + l/o?
2
Suppose 304*l - 276*l = 141904. What is the thousands digit of l?
5
Suppose -5*s = -9*s - 324. Let x be (9/(s/24))/(2/(-3)). Suppose x*u + 3*u - 56 = 0. What is the units digit of u?
8
Let w(j) = -209*j - 7. Let y be w(-4). Suppose 5*n - y = -184. Suppose 3*l - l - 2*v = 76, -3*l = 2*v - n. What is the tens digit of l?
4
Let m(p) = -4*p**2 + 333*p + 422. What is the tens digit of m(79)?
6
Let o = 21 - 21. Let w be o*(-2)/6 + 421 + -5. Suppose -5*j + w = 51. What is the tens digit of j?
7
Suppose h + 142 = 3*o, -2*o - 5*h - 171 = -6*o. What is the units digit of 8/28 + 29631/o?
5
Let m(x) = x**3 + 6*x**2 - 24*x + 51. Let i be m(14). Suppose 837 = 13*u - i. What is the tens digit of u?
4
Let q(j) be the second derivative of -5*j**3/2 - 15*j**2/2 + 101*j. What is the units digit of q(-38)?
5
Let r be 7/28 + -2 + 1468/16. What is the hundreds digit of 112*r/12 + 7?
8
Let b be -3 - ((-3)/5 + 144/40). What is the tens digit of (-603)/(-4) + b/(-192)*8?
5
Let f(n) be the first derivative of 16*n**2 + 73*n - 2. What is the hundreds digit of f(18)?
6
Suppose -5*p + 4 = 4*w, 3 = 3*w + p - 0. Let u(l) = 25 - 6*l + 10*l**2 + 29 - 79 + 9*l**2 + 30. What is the units digit of u(w)?
8
Suppose -350580 = 17380*a - 17390*a. What is the hundreds digit of a?
0
Let x = -632 + 632. Let v(s) = -43*s + 726. What is the hundreds digit of v(x)?
7
Let j(p) = 271*p. Let r be j(-3). Let m = r - -1253. What is the tens digit of m?
4
Suppose 9*u + 817 + 668 = 0. What is the tens digit of (1 + u)*(-1)/2?
8
Let i = -4664 + 10942. What is the tens digit of i?
7
Suppose 13*x = 83*x - 29750. What is the units digit of x?
5
Let p = -20741 + 30643. What is the units digit of p?
2
Let n be (7*(-50)/(-140))/((-1)/(-2)). Suppose -4*x - 2*g = -9*x + 1225, 4*g = n*x - 1235. What is the units digit of x?
3
Let c = 381 - 387. Let p(r) = 13*r**2 - 18*r - 22. What is the units digit of p(c)?
4
Suppose -18*t + 92134 = -106208. What is the tens digit of t?
1
Let j(v) be the first derivative of -181*v**2/2 + 239*v - 34. What is the hundreds digit of j(-6)?
3
Suppose 2*d + 17605 - 76315 = -4*s, -2*s + 29330 = -4*d. What is the tens digit of s?
7
Suppose -809*i + 84510 = -807*i. What is the tens digit of i?
5
Suppose 5783 = 2*n - 3*z, -z = z - 6. Let k = n + -1937. What is the units digit of k?
9
Suppose -40*l + 532 = -68. Suppose 1974 = 4*t + l*i - 17*i, 2*t - 999 = 5*i. What is the tens digit of t?
9
Let s(o) = -6*o**3 + 20*o**3 - 11*o**3 - 2*o**3 - 38*o**2 + 28*o + 4. What is the tens digit of s(38)?
6
Let u = 33 + -45. Let d be u/(-5) - 22/55. Suppose 0 = 3*a + 2*a + 5, 4*t = d*a + 410. What is the hundreds digit of t?
1
Let s(t) = -112*t - 35. Suppose 0 = u + 1, -2*j = -5*u + 3 + 4. Let c(p) = -37*p - 12. Let n(i) = j*s(i) + 17*c(i). What is the units digit of n(1)?
9
Let k(n) = 3*n + 42. Let p be k(11). Let v be (-2)/(-15) - (-22115)/p. Let c = v - 206. What is the units digit of c?
9
Suppose 4*f - 2*o - 51868 = -0*o, 12994 = f + 4*o. What is the ten thousands digit of f?
1
Let g = -1234 + 778. Let n = g + 729. What is the hundreds digit of n?
2
Let b = -88 - -92. Let x be (-2)/11 - (-316)/44. Suppose b = -4*p, -c + 2*p - x*p = -118. What is the units digit of c?
3
Let b = -99674 - -148996. What is the thousands digit of b?
9
Suppose 41*z - 40*z + 378 = 0. Let q be (0 - z/12)/((-6)/(-32)). Suppose 23 = -5*c + q. What is the units digit of c?
9
Let g(i) = -7*i + 6. Let k(f) be the first derivative of f**4/4 - 5*f**3 - f**2/2 + 8*f - 3. Let b be k(15). What is the tens digit of g(b)?
5
Suppose 0 = 2*m - 2*a - 71914, -2*m + 26*a - 21*a = -71899. What is the tens digit of m?
6
Let d = 1071 + -1073. Let n(a) = -a**2 - 7*a + 10. Let g be n(-8). What is the hundreds digit of (d/g)/((-8)/1000)?
1
Suppose 6592 = 5*q - 3*x, 2650 = 2*q + 45*x - 44*x. What is the hundreds digit of q?
3
What is the hundreds digit of 3/((-642838)/64288 - -10)?
5
Suppose 4*i = 4*r - 5*r + 20, -r - 2*i + 12 = 0. Suppose 0 = -r*j + 2*o + 2814, 3*j - 2*o - 2466 + 353 = 0. What is the units digit of j?
1
Let w = 1778 - -1216. What is the thousands digit of w?
2
Suppose -8*c = 51 - 83. What is the hundreds digit of 112/42*(1914/c - 3)?
2
Suppose -l - 5 = v + 2*v, 4*v = 4*l + 4. Let r be (l + (-45)/(-20))/((-2)/(-24)). Suppose 5*q - 747 = r*s, -3*s = 5*q + s - 719. What is the units digit of q?
7
Suppose 12*h - 24636 = 15*h - 7*h. What is the tens digit of h?
5
Let x = 78 - -47. Suppose 7*h = 12*h - x. What is the tens digit of h?
2
Suppose -3*x - 4*l + 36499 = 0, 4*x + 5*l + 3045 - 51709 = 0. What is the ten thousands digit of x?
1
Let s(h) = -h**3 + 37*h**2 + 30*h + 214. What is the thousand